at is the highest common factor of 78659838 and 72?
18
What is the greatest common divisor of 3212 and 375640991?
803
Calculate the highest common factor of 17355 and 8812869.
3471
Calculate the greatest common divisor of 3156432 and 855.
57
What is the greatest common factor of 7758922 and 4756?
82
What is the highest common factor of 2607504 and 744?
24
Calculate the highest common divisor of 1048427 and 1255.
251
What is the highest common factor of 1008627 and 7701?
51
What is the greatest common divisor of 944343 and 90?
9
What is the greatest common factor of 2075 and 27975?
25
What is the highest common divisor of 132724658 and 803?
803
Calculate the greatest common factor of 76699 and 1190.
7
Calculate the highest common factor of 4474747 and 95.
19
What is the greatest common divisor of 68448 and 744558?
186
Calculate the highest common factor of 1178190 and 2934.
18
Calculate the greatest common factor of 2760 and 14593477.
23
What is the highest common divisor of 87804 and 1323540?
324
Calculate the highest common factor of 12811587 and 403.
31
Calculate the highest common divisor of 4713753 and 528.
33
What is the greatest common factor of 156 and 17712084?
156
Calculate the highest common factor of 3517410 and 52.
26
What is the greatest common factor of 3722316 and 1137838?
2782
What is the highest common divisor of 9861 and 5910273?
57
Calculate the greatest common factor of 8133066 and 36.
18
Calculate the highest common factor of 7084019 and 68.
17
Calculate the highest common factor of 45105629 and 15072.
157
Calculate the greatest common factor of 58869 and 1189829.
211
What is the highest common divisor of 264 and 337848?
24
Calculate the greatest common factor of 5640764 and 1091492.
8332
What is the greatest common factor of 13554 and 2469338?
502
What is the highest common factor of 465 and 434527?
31
What is the greatest common factor of 282181 and 6294?
1049
Calculate the highest common divisor of 3357803 and 3976.
71
Calculate the highest common factor of 41521944 and 372.
12
What is the greatest common divisor of 189184 and 12212714?
1478
Calculate the highest common divisor of 8430465 and 14465.
1315
What is the highest common factor of 31136 and 1273796?
556
What is the greatest common divisor of 3000565 and 155845?
2195
Calculate the highest common divisor of 413525 and 19975.
425
What is the greatest common divisor of 1980267 and 3961?
233
What is the highest common divisor of 3719870 and 440?
110
Calculate the greatest common divisor of 29204 and 231248.
596
What is the highest common factor of 140377 and 56792?
229
Calculate the greatest common factor of 441 and 453383.
7
Calculate the highest common factor of 2795 and 3154265.
215
Calculate the highest common factor of 2086 and 143752.
14
What is the greatest common factor of 165182915 and 99315?
11035
What is the highest common divisor of 904091 and 656?
41
Calculate the greatest common factor of 18523013 and 374.
17
What is the highest common divisor of 1010216 and 6?
2
What is the highest common factor of 6723 and 687366?
81
Calculate the highest common factor of 1315 and 2879587.
263
Calculate the greatest common divisor of 8843961 and 1029.
147
What is the greatest common divisor of 1524616 and 204?
4
Calculate the greatest common divisor of 11799072 and 24.
24
What is the highest common factor of 1341 and 3694753?
149
What is the highest common divisor of 21270320 and 5640?
1880
Calculate the greatest common factor of 13291036 and 94.
94
Calculate the greatest common divisor of 279259392 and 96.
96
Calculate the greatest common divisor of 205 and 752395.
5
What is the greatest common factor of 622973 and 303038?
277
Calculate the highest common factor of 590175 and 2881.
43
Calculate the greatest common factor of 85192 and 1472.
184
What is the greatest common factor of 9925 and 23525?
25
What is the highest common divisor of 19801152 and 63?
63
What is the greatest common divisor of 1223899 and 20828?
127
Calculate the highest common divisor of 10 and 187479780.
10
What is the highest common factor of 54834582 and 759?
33
What is the highest common divisor of 22440 and 64005?
255
Calculate the highest common factor of 86283999 and 18.
9
Calculate the highest common divisor of 9372 and 3265713.
33
Calculate the highest common factor of 2994838 and 462.
154
What is the greatest common factor of 666 and 29?
1
Calculate the highest common factor of 47547552 and 741.
39
What is the highest common divisor of 25986 and 17466?
426
What is the greatest common divisor of 24230 and 40660?
10
What is the highest common factor of 44672 and 18497?
349
Calculate the highest common divisor of 24970 and 326920.
110
What is the highest common factor of 317459331 and 6755?
1351
What is the greatest common divisor of 300864879 and 9?
9
Calculate the greatest common divisor of 1324008 and 126.
126
Calculate the highest common divisor of 12 and 447522.
6
What is the greatest common factor of 54 and 1045991178?
54
What is the highest common factor of 65685 and 105270?
435
Calculate the highest common factor of 84838 and 33956.
26
Calculate the greatest common factor of 63758418 and 2381.
2381
What is the greatest common divisor of 22514 and 1302?
2
What is the highest common divisor of 69828 and 7788?
132
What is the highest common factor of 2779335 and 3549?
39
What is the greatest common divisor of 289 and 8881973?
17
What is the highest common factor of 29174730 and 3756?
1878
What is the greatest common factor of 2371143 and 12597?
969
What is the highest common divisor of 84547609 and 23?
23
Calculate the highest common divisor of 113410 and 83930.
110
Calculate the greatest common divisor of 4791219 and 9963.
123
Calculate the greatest common factor of 282 and 36240102.
282
Calculate the highest common divisor of 2824 and 89043544.
2824
What is the highest common divisor of 122084 and 4389716?
5308
Calculate the greatest common factor of 363 and 122714229.
33
What is the greatest common factor of 1057836 and 63?
3
Calculate the highest common divisor of 1573627 and 77.
11
What is the greatest common factor of 636 and 796104?
12
Calculate the highest common divisor of 45650 and 218356732.
1826
Calculate the highest common divisor of 32 and 573508608.
32
Calculate the greatest common factor of 11511621 and 18.
9
Calculate the greatest common factor of 3529390 and 2560.
10
Calculate the greatest common factor of 557998 and 3402.
14
Calculate the highest common factor of 2304 and 87476544.
576
Calculate the greatest common divisor of 717935 and 1730275.
5165
What is the highest common factor of 250204 and 159608?
284
Calculate the highest common factor of 86686391 and 6614.
3307
Calculate the greatest common divisor of 1099531 and 11141.
857
Calculate the highest common divisor of 1008639775 and 715.
715
Calculate the greatest common factor of 10491369 and 210.
21
What is the highest common divisor of 128086060 and 280?
20
Calculate the greatest common divisor of 27846490 and 21.
7
What is the highest common factor of 1500614 and 72670?
86
What is the highest common divisor of 7218 and 831618261?
3609
Calculate the greatest common factor of 4617402 and 6146.
878
What is the highest common factor of 15416 and 33046?
82
Calculate the greatest common divisor of 691680 and 6600.
1320
Calculate the highest common factor of 756 and 2477196.
108
What is the greatest common factor of 29369 and 207733?
43
Calculate the greatest common factor of 26091 and 45049122.
2007
What is the highest common factor of 81921 and 77812?
7
Calculate the greatest common divisor of 40565 and 815119.
19
What is the greatest common factor of 365640 and 190344?
264
What is the highest common factor of 360 and 202995720?
360
Calculate the highest common divisor of 2686032 and 29808.
3312
What is the highest common divisor of 25581837 and 3552?
111
Calculate the highest common divisor of 25105096 and 32.
8
What is the highest common factor of 3077 and 610513?
181
What is the greatest common factor of 419640 and 105986?
538
Calculate the greatest common factor of 31922 and 55682.
22
What is the highest common factor of 918215 and 666245?
1135
Calculate the highest common divisor of 87526 and 6686332.
